{"id":14,"date":"2015-01-18T21:34:42","date_gmt":"2015-01-18T21:34:42","guid":{"rendered":"http:\/\/www.frsj.pt\/site\/?page_id=14"},"modified":"2025-11-21T17:07:12","modified_gmt":"2025-11-21T17:07:12","slug":"a-assembleia-de-freguesia","status":"publish","type":"page","link":"http:\/\/www.frsj.pt\/site\/?page_id=14","title":{"rendered":"A Assembleia de Freguesia"},"content":{"rendered":"\t\t<div data-elementor-type=\"wp-page\" data-elementor-id=\"14\" class=\"elementor elementor-14\">\n\t\t\t\t<div class=\"elementor-element elementor-element-79a8716 e-flex e-con-boxed wpr-particle-no wpr-jarallax-no wpr-parallax-no wpr-sticky-section-no e-con e-parent\" data-id=\"79a8716\" data-element_type=\"container\">\n\t\t\t\t\t<div class=\"e-con-inner\">\n\t\t\t\t<div class=\"elementor-element elementor-element-845bd16 elementor-widget elementor-widget-heading\" data-id=\"845bd16\" data-element_type=\"widget\" data-widget_type=\"heading.default\">\n\t\t\t\t<div class=\"elementor-widget-container\">\n\t\t\t<h2 class=\"elementor-heading-title elementor-size-default\">A Assembleia da Freguesia<\/h2>\t\t<\/div>\n\t\t\t\t<\/div>\n\t\t\t\t\t<\/div>\n\t\t\t\t<\/div>\n\t\t<div class=\"elementor-element elementor-element-9cf41dc e-flex e-con-boxed wpr-particle-no wpr-jarallax-no wpr-parallax-no wpr-sticky-section-no e-con e-parent\" data-id=\"9cf41dc\" data-element_type=\"container\">\n\t\t\t\t\t<div class=\"e-con-inner\">\n\t\t\t\t\t<\/div>\n\t\t\t\t<\/div>\n\t\t<div class=\"elementor-element elementor-element-1ba8cbe0 e-flex e-con-boxed wpr-particle-no wpr-jarallax-no wpr-parallax-no wpr-sticky-section-no e-con e-parent\" data-id=\"1ba8cbe0\" data-element_type=\"container\">\n\t\t\t\t\t<div class=\"e-con-inner\">\n\t\t\t\t<div class=\"elementor-element elementor-element-535f0dde elementor-widget elementor-widget-text-editor\" data-id=\"535f0dde\" data-element_type=\"widget\" data-widget_type=\"text-editor.default\">\n\t\t\t\t<div class=\"elementor-widget-container\">\n\t\t\t\t\t\t\t<p style=\"font-weight: 400;\"><b>Presidente:<\/b> Joaquim Manuel Barradas Realinho\u00a0<br \/><b>Secret\u00e1rio:<\/b> Rosa Maria Baptista Raposo<br \/><b>Secret\u00e1rio:<\/b> Maria Jo\u00e3o Faca Nogueira<\/p><h3>Restantes elementos:<\/h3><ul style=\"font-weight: 400;\"><li>David Pires Reia; Alexandra Jos\u00e9 Dias Miranda, Alexandra.\u00a0<\/li><li>Isabel Magno Raimundo Miranda e Jo\u00e3o Pedro Ramalho Trindade.<\/li><\/ul><h3><strong>Mensagem do Presidente<\/strong><\/h3><p style=\"font-weight: 400;\">Caros cidad\u00e3os, na qualidade de Presidente da Assembleia de Freguesia da Uni\u00e3o de Freguesias de Reguengo e Juli\u00e3o quero agradecer a vossa visita a esta Freguesia, quer seja pessoalmente, quer seja atrav\u00e9s deste site onde encontrar\u00e1 muitos e bons motivos para passear ou fazer uma visita de um ou mais dias para conseguir admirar toda esta beleza envolvente em plena Serra de S. Mamede. Certamente, ir\u00e1 gostar do nosso territ\u00f3rio e as nossas gentes tamb\u00e9m v\u00e3o sentir algum orgulho em vos receber. Aos nossos residentes espero que este site tamb\u00e9m lhes possa ser \u00fatil, para uma melhor aproxima\u00e7\u00e3o entre a Junta de Freguesia e toda a popula\u00e7\u00e3o, por forma a que se possam sentir cada vez mais acompanhados no que mais precisarem.<\/p><p style=\"font-weight: 400;\">Para terminar estas palavras gostaria de agradecer a todos a vossa visita quer pessoal quer virtual.<\/p><p style=\"font-weight: 400;\">Esperamos por voc\u00eas<\/p><p style=\"font-weight: 400;\">O Presidente<\/p><p style=\"font-weight: 400;\">Joaquim Realinho<\/p>\t\t\t\t\t\t<\/div>\n\t\t\t\t<\/div>\n\t\t\t\t\t<\/div>\n\t\t\t\t<\/div>\n\t\t\t\t<\/div>\n\t\t","protected":false},"excerpt":{"rendered":"<p>A Assembleia da Freguesia Presidente: Joaquim Manuel Barradas Realinho\u00a0Secret\u00e1rio: Rosa Maria Baptista RaposoSecret\u00e1rio: Maria Jo\u00e3o Faca Nogueira Restantes elementos: David Pires Reia; Alexandra Jos\u00e9 Dias Miranda, Alexandra.\u00a0 Isabel Magno Raimundo Miranda e Jo\u00e3o Pedro Ramalho Trindade. Mensagem do Presidente Caros cidad\u00e3os, na qualidade de Presidente da Assembleia de Freguesia da Uni\u00e3o de Freguesias de Reguengo e Juli\u00e3o quero agradecer a vossa visita a esta Freguesia, quer seja pessoalmente, quer seja atrav\u00e9s deste site onde encontrar\u00e1 muitos e bons motivos para passear ou fazer uma visita de um ou mais dias para conseguir admirar toda esta beleza envolvente em plena Serra de S. Mamede. Certamente, ir\u00e1 gostar do nosso territ\u00f3rio e as nossas gentes tamb\u00e9m v\u00e3o sentir algum orgulho em vos receber. Aos nossos residentes espero que este site tamb\u00e9m lhes possa ser \u00fatil, para uma melhor aproxima\u00e7\u00e3o entre a Junta de Freguesia e toda a popula\u00e7\u00e3o, por forma a que se possam sentir cada vez mais acompanhados no que mais precisarem. Para terminar estas palavras gostaria de agradecer a todos a vossa visita quer pessoal quer virtual. Esperamos por voc\u00eas O Presidente Joaquim Realinho<\/p>\n","protected":false},"author":1,"featured_media":0,"parent":0,"menu_order":0,"comment_status":"open","ping_status":"open","template":"","meta":{"footnotes":""},"class_list":["post-14","page","type-page","status-publish","hentry"],"_links":{"self":[{"href":"http:\/\/www.frsj.pt\/site\/index.php?rest_route=\/wp\/v2\/pages\/14"}],"collection":[{"href":"http:\/\/www.frsj.pt\/site\/index.php?rest_route=\/wp\/v2\/pages"}],"about":[{"href":"http:\/\/www.frsj.pt\/site\/index.php?rest_route=\/wp\/v2\/types\/page"}],"author":[{"embeddable":true,"href":"http:\/\/www.frsj.pt\/site\/index.php?rest_route=\/wp\/v2\/users\/1"}],"replies":[{"embeddable":true,"href":"http:\/\/www.frsj.pt\/site\/index.php?rest_route=%2Fwp%2Fv2%2Fcomments&post=14"}],"version-history":[{"count":32,"href":"http:\/\/www.frsj.pt\/site\/index.php?rest_route=\/wp\/v2\/pages\/14\/revisions"}],"predecessor-version":[{"id":2719,"href":"http:\/\/www.frsj.pt\/site\/index.php?rest_route=\/wp\/v2\/pages\/14\/revisions\/2719"}],"wp:attachment":[{"href":"http:\/\/www.frsj.pt\/site\/index.php?rest_route=%2Fwp%2Fv2%2Fmedia&parent=14"}],"curies":[{"name":"wp","href":"https:\/\/api.w.org\/{rel}","templated":true}]}}