{"id":27,"date":"2015-01-18T21:57:56","date_gmt":"2015-01-18T21:57:56","guid":{"rendered":"http:\/\/www.frsj.pt\/site\/?page_id=27"},"modified":"2024-09-27T13:50:23","modified_gmt":"2024-09-27T13:50:23","slug":"localizacao","status":"publish","type":"page","link":"http:\/\/www.frsj.pt\/site\/?page_id=27","title":{"rendered":"Localiza\u00e7\u00e3o \/ Como chegar"},"content":{"rendered":"\t\t<div data-elementor-type=\"wp-page\" data-elementor-id=\"27\" class=\"elementor elementor-27\">\n\t\t\t\t<div class=\"elementor-element elementor-element-8cf1e08 e-flex e-con-boxed wpr-particle-no wpr-jarallax-no wpr-parallax-no wpr-sticky-section-no e-con e-parent\" data-id=\"8cf1e08\" data-element_type=\"container\">\n\t\t\t\t\t<div class=\"e-con-inner\">\n\t\t\t\t<div class=\"elementor-element elementor-element-e2b2f82 elementor-widget elementor-widget-heading\" data-id=\"e2b2f82\" data-element_type=\"widget\" data-widget_type=\"heading.default\">\n\t\t\t\t<div class=\"elementor-widget-container\">\n\t\t\t<h2 class=\"elementor-heading-title elementor-size-default\">Localizac\u00e3o\/Como chegar<\/h2>\t\t<\/div>\n\t\t\t\t<\/div>\n\t\t\t\t\t<\/div>\n\t\t\t\t<\/div>\n\t\t<div class=\"elementor-element elementor-element-32756e8d e-flex e-con-boxed wpr-particle-no wpr-jarallax-no wpr-parallax-no wpr-sticky-section-no e-con e-parent\" data-id=\"32756e8d\" data-element_type=\"container\">\n\t\t\t\t\t<div class=\"e-con-inner\">\n\t\t\t\t\t<\/div>\n\t\t\t\t<\/div>\n\t\t\t\t<section class=\"elementor-section elementor-top-section elementor-element elementor-element-49ce7eaa elementor-section-full_width elementor-section-content-middle elementor-section-stretched elementor-section-height-default elementor-section-height-default wpr-particle-no wpr-jarallax-no wpr-parallax-no wpr-sticky-section-no\" data-id=\"49ce7eaa\" data-element_type=\"section\" data-settings=\"{&quot;stretch_section&quot;:&quot;section-stretched&quot;,&quot;background_background&quot;:&quot;classic&quot;}\">\n\t\t\t\t\t\t<div class=\"elementor-container elementor-column-gap-no\">\n\t\t\t\t\t<div class=\"aux-parallax-section elementor-column elementor-col-100 elementor-top-column elementor-element elementor-element-416e04f6\" data-id=\"416e04f6\" data-element_type=\"column\">\n\t\t\t<div class=\"elementor-widget-wrap elementor-element-populated\">\n\t\t\t\t\t\t<section class=\"elementor-section elementor-inner-section elementor-element elementor-element-2fe28fdb elementor-reverse-mobile elementor-section-boxed elementor-section-height-default elementor-section-height-default wpr-particle-no wpr-jarallax-no wpr-parallax-no wpr-sticky-section-no\" data-id=\"2fe28fdb\" data-element_type=\"section\" data-settings=\"{&quot;background_background&quot;:&quot;classic&quot;}\">\n\t\t\t\t\t\t<div class=\"elementor-container elementor-column-gap-no\">\n\t\t\t\t\t<div class=\"aux-parallax-section elementor-column elementor-col-50 elementor-inner-column elementor-element elementor-element-1be1b0ff elementor-invisible\" data-id=\"1be1b0ff\" data-element_type=\"column\" data-settings=\"{&quot;background_background&quot;:&quot;classic&quot;,&quot;animation&quot;:&quot;fadeInLeft&quot;}\">\n\t\t\t<div class=\"elementor-widget-wrap elementor-element-populated\">\n\t\t\t\t\t\t<div class=\"elementor-element elementor-element-5147e2a6 elementor-position-left elementor-mobile-position-left elementor-vertical-align-middle elementor-view-default elementor-widget elementor-widget-icon-box\" data-id=\"5147e2a6\" data-element_type=\"widget\" data-widget_type=\"icon-box.default\">\n\t\t\t\t<div class=\"elementor-widget-container\">\n\t\t\t\t\t<div class=\"elementor-icon-box-wrapper\">\n\n\t\t\t\t\t\t<div class=\"elementor-icon-box-icon\">\n\t\t\t\t<span  class=\"elementor-icon elementor-animation-\">\n\t\t\t\t<svg xmlns=\"http:\/\/www.w3.org\/2000\/svg\" xmlns:xlink=\"http:\/\/www.w3.org\/1999\/xlink\" width=\"242\" height=\"242\" viewBox=\"0 0 242 242\"><image width=\"242\" height=\"242\" xlink:href=\"data:img\/png;base64,iVBORw0KGgoAAAANSUhEUgAAAPIAAADyCAYAAAB3aJikAAAP7klEQVR4nO2dzWtc1xnGj2SZOk6o3GBTU5jKaVpIlRDJ1OC2JJW6S2fjKTXpqkhOMSk0rceFQA0FyxS6CJSo+4LlvyDXm1kVLEP3kQoV3VliFhXFBc+itbNIVY7mnXgsz8e9c+855\/14fjDgkBCfmbnPPO\/5eN4zdXBw4IBMsnrtnHOu\/+WO\/HkUj5xzW\/Tve39+1Gi1t\/A4yANCFgAJdrHv5f95IeDI95xzu865TRL4VqPV3lXzgSoEQmYICXe57zXHYJQdEvbhC87NCwiZCVm95gXboBcH4Y5jj0SdNVrtjPdQ9QMhJySr13yZ3CTxzgp+K96tM4g6HRByZLJ67ZRzbpUELMF5i+KdesO\/MK+OB4QciT73XTHxhrvcdc6tN1rtTQ6D0QyEHBia+64555ZUv9HRbJOgNzgPUjIQciAg4IH4snsNgq4eCLliqIReh4BH4h26iZK7OiDkiqBFrHVjc+Cy3PcLf1gUK8+09DfAgaxea9JJKIi4GL5qeZDVa2uSBs0ROHIJUEZXyh65M8rtCYAjTwi58KcQcWX4PfV7Wb22ruT9RAWOXBCaC2cQcFC2yZ1xnjsncOQC0JbSLkQcHJ\/s2szqtVXl77MyIOSc0ILMPeFnoiXhP+fbWb2GPeccoLQeA5XS\/mG6xHqguvGl9nKj1X5k\/YMYBoQ8AhLxZuAQP8iHX9VuYN48GAh5CLS1tIlSmhUdcmaI+QiYIw8AImaL\/z4+xSLY80DIR4CIRXAbYn4WCLkPiFgUEHMfEDIBEYsEYiaw2AURa+DH1nuFmRcytZ7dgohFY34127SQsU+sCi\/mc1YPjVifI29AxGqYpfPZpyy+ebNCprPTOHapiwXKh5vDZGlNKaZ7DIYCwnDFWoM\/c0Km0msXi1uqMbf4ZbG03oCI1TNL37MZTAmZ2vNgXmyDBUtN\/cyU1tgvNst5CyW2JUdeh4hNYqLENiHkrF5roKQ2ywJNqVRjxZHRYtU2a9oPiqgXMi14aLyHGORnVvuPuerFLuwZgyO8ovWeKe2O3ISIQR9qF77UOjK2m8AQfqjxfinNjgw3BoNQeUhEpSNjbgzGoG6urNWR4cZgFOpcWbOQARjGCq2hqEGdkKmrItwYjENV902Njgw3BnlQ9ZyoEjK1tUUPLpCHWU09sbU5MpqVgyI0tHxaEDKwzCUti14zDMZQCRRVxCJXlw6datul11F888FTmIYc0tAQqFAjZE1l0oTcpWb7m0U6YlBH0Qa9LKbEVjUIWc3Jrqxee2TQkTv0EG5UcVKJRO0f7JVqhicG8Se9VAiZyupPGAwlFj0Br4e4IoXmjT4ptMT2E6iW641WW7QraymtlxmMIRa+hG6GdBD6fy+TQ28YKLmXpZfXWlatrcyPvXM0YpWBFPdbpB8PzYjv5ya+tKYy8AGDoYQk+c0JWb3mHetaqr8\/AqLvWNbgyNrLahbXnzRabX+k8UrKMQRG9HMEIfOG1R1GdDGaVjFDyInRLGR2F5GRmO8wGErViD4cI1rIND\/WuqJ6hetVJ41W2+81bzMYSqXQKr1IpDvyIoMxhOCugPt9G1T6awJCToRGIXckhD9oC0xbyxyxz5N0IWucHwc5rRUCOg21J2GsOYGQE6HNkTsCTxhpcmWx6y1ihUwtb7WFJMS4cQ+ay6txZakLXpIdWeP8WOqVJpouSBPZaECykFW1M6WVaqlROrFHGwcAIUdGm5DF3kdEP0Ba9pVFVnoQMh+ku5qWi9FEXogOIfOgo+AuIi1ChiNHRuQv5xBYHsUsiIb34KTuhEgWsqYOkOJFoO12Q2lovh9ZEqL2jkeg4uy1xL1kCBlUiZbyWhwihSw5bgZACODIACgAQgZVoqUPtrgtKAiZB1obJEhF3NYmhMwD8XvidDc1SASEzAMNJSmEnBAImQkKVuKxk5AQCJkP0q+9gZATAiHzQayQaX5s8W5lNkDIfJgTvGDUZDCGKhGX5IKQeSFOENQ7zcptmGyRKmStSZsVuj1DEk2FTRDFIVLIyiNzYtrLkhtrK6tFgtKaHyuCtqI2lLqxOKOQLGRNNxwcZYPcji1ZvdbQcNP\/ICRWfJKFrLm8nuPcK5rm8VJ7cKsEpTVffInNbv5JlUKmeIHrPoMxFEaykLV0bRzFx1m9xuZmRhLxprJ+aSqQLGQtfa7GcZuDmA2JWKRBSBaypf5QXszJ5sw0J7bixCINAotdcriW1WubsVezaXV6y1A5LdIgxArZaB9ln1vejVFq+x+MrF7zK9OfGDu5JVLIUwcHBwyGMRneoRT1iSqKvzSt2Wi1K53T9Z3Wsnj00l\/dI7JbywyDMZRhy7CQfal7L6vX9mjPeaPMJemUvGpSAMLq2Wmx6y4ahGwdf3jkY9qq2qY9Xu\/SW6OETcJdpIYAy8gTHyJ2SxNC1sUCvW66rlgdHWXtX09YRFppKGKfJ9FzZNd9WB\/hwQQV8ZUy05OUaDiiaeGEFwjPtlQROwgZAB3PEYQMgILnSLyQG632lvJsMogDhMwAuDIow33J82OnSMgZgzEAuYh\/flQIudFq+y+iw2AoQCYQMiPgymAStjUEcCBkYB0VvcfUCBnlNZgQCJkh6OwIinBX+mp1D21CZttCFrBEzQ+\/+NDEUYw3GwD52Wu02tLu2RqKxr7WcGWQB1XPiToh06IXjmyCUXS0radovWlCzI2GIAnrWha5eqgUcqPV3oArgxGo293QfPcTXBkM4o7GVspqhQxXBgPoaL2YXfttjHBl0I+6uXEP1UImV95mMBSQno7mrUkL9yOrLKVAYZpa3dhZEDJdqXKHwVBAOu5TdaYWC47syJWRjLKL+qrMhJCppGJz8z+Iyi1q0KgadaGJUWT1mj++eYnvCEHF+O4fixY+VCuldY9VlNhm6NDNkiYwJWQqsc18ucZpWroM35oj91axbzEYCgjHXe2r1EcxJ2TXFfMaDoqopWNxYdOkkAmsYutkVfPBj2GYFTJtSVxnMBRQHX+ixhLmsOzIXsz+7O19BkMB5dmzHJIxLWQCW1I6MFlS9zAvZNqiQLBCNrdoN8Ispk52jQKnvsRi5vTWKMw7ch8osWVifvfBQchPQbBCJNctBCLygNL6CFm95leyr7EaFBiEzxgv45PpAkd+njU07WOPydNbo4CQj4ASWwSmAhF5gJAHgGAFa8wFIvIAIQ8BwQqWoKQeAoQ8Gjw0vDB9emsUEPIIEKxghdlARB4g5DEgWMEC04GIPEDI+cCpr7SgpB4DhJwDBCuSYj4QkQec7CoAghXRQSAiJ3DkYqDEjgt2DXICIRcAp76igkBEAVBaTwCCFcFBIKIgMoS8v+ObyrOZKz3+979O\/OV3V9\/7\/LMnZxgMRxVT08f+8\/aNP\/755Ve\/zWWVesOdnWd\/rpu\/kPd3Tjnn\/Ac5y2A0X\/DwH39zf\/3oQyaj0cP51ebjuR\/86AVGb+iOOzvPfjolYY7c5CZiz+nX3nTfqr+Lha8KOf3amw+Zidiz4vZ3zjEYx0ikCJklr1\/++ewLL595yHV8kpieOf7k4gc3TzMdMvtTZbyFvL+zytGN+\/nur29xffhEceH93\/7v+MmXuA6ZvStzd2T2v4SzX3\/VvfHu1ScMhiKWubffefi177x1kvn4WZ\/s4yvkrhvPMRjJWL75zuUTs7VvoMSegOMvvtR546dXJVQ1q7TwyhLOjiwq7XLxV2unp4\/N\/JfBUETx1ocfzTIuqfuZ5ezKPIUsyI17nDz9Vbfwsw+meIxGBn7V309NBNHk6spcHVnkMUi\/deK3UBgMhT1+td+v+gsbNltX5ifk\/R1\/NG+JwUgmwm+h+K0UgUOPhj+9JXi1H0LOiehOEH6+57dSGAyFLa9ffu+YsJK6n1ma+rGCl5CFu3EPv5Xit1R4jIYXfnXfr\/ILfxvszIabI6vpy+S3VPzWCoOhsMGv6vvVfQVvZY6bK\/MRcvfkjHg37uFL7Iu\/vCltMScoF35x43B1XwmsTIeTI6vrkohgxVP8ar6A01tFYOXKPITcdeMVBiOpHAQr2AciygAhH0F1z2LrwYrvNX\/\/uZDTW0VZogXa5KQXsmI37mE5WOFX78\/Mn3+RwVBCwcKEODiyiX7RFoMVggIRZWDhymmF3D23aqYrpbVghaBARFmSu3JqR2bZxicUloIVAgMRZVhK3XggnZC7bmzuGhYLwQqhgYiyJHXllI5syo370RysEB6IKEPSdkCphWwSzcEK4YGIsiRz5TRCFtBULzQagxVKAhFlSObKqRwZl1YrC1YoCkSUJUmlGV\/IAtv4hEJTsEJZIKIMSZr0pXBkuHEfGoIVCgMRZUjSDiiukOHGA5EcrFAciChD9CZ9sR0ZdwsPQeqWzfd\/84cTRk5vFSG6K8cTspI2PqGQGKzwq+5+agAGolTImBuPRVKwwkggogxRm\/TFETLcODdSghWGAhFliGZesRwZbpwTCcEKY4GIMkRrBxReyMqa6sWAc7DCaCCiDFFMLIYjw40ngGOwwpf81tsWTUAUVw4rZANtfELBMVgx\/5Mr0yipJ0K4kOHGpeAUrEAgohTB2wGFEzLcuBI4BCumZ2YeIxBRmqCmFtKRzeaNq4RDsOLC+zcOEIgoTVBXDiNkY031QpMyWIFARKUEc+VQjmy2jU8oUgQrEIionGBN+qoXstGmejGIvfWDQEQQgrhyCEeGGwciZrACgYhgBGkHFErIIBAxghUIRASncleuVshoqheF0MEKBCKCU7krV+3IOAASgZDBCgQiolFp5VqdkNHGJyohghUIRESl0iZ9VToy3DgyVQYrEIiITqXtgKoRMtw4CVUGKxCISEJlTfqqcmSc4kpEFcEKBCKSUZkrlxcy2vgkp0ywAoGI5DARMubGySkTrEAgIjmVNOkrJ2S4MRsmCVYgEMGG0mZY1pHhxowoEqxAIIIVpdsBTS5kNNVjSd4tJAQi2FHKFMs4MtyYIXmCFQhEsKSUK08mZLTxYc2oYAUCEayJLGS4MXuGBSsQiGDNxO2AigsZbiyCQcEKBCJEMJFJTuLIyBsLoT9YgUCEGCZy5WJCRlM9cfgtpi99+RQCEbIo7MpTBwcH+f\/r\/R3\/F9zU+ukBwIhX3Nn53bzDye\/IaKoHQEwKuXKR0hpN9QCIR6F2QEWFDACIR25XzidkNNUDIAW5XTmvI+MACABpyFUJjxcy2vgAkJJcTfryODLcGIB05GoHNFrIcGMAODC2Sd84R8YpLgDSM9aVh5\/s6p73vIcvEQAWdNzZ+aGuPMqRMTcGgA8jm\/QNFjKa6gHAkaHmOsyR4cYA8GNoO6Dn58jdkyQP8CUCwJI9d3b+udNegxwZbgwAXwa68rNCRhsfACQwRshwYwAk8Fw7oKdChhsDIIlnTLffkZE3BkAOz7hyV8hoqgeARL5w5Z4jo40PAPJY6jUemEZTPQBEc+jK03BjAERz2A5o6uCff38EIQMgGOfu\/B\/4xTcmDHZQLgAAAABJRU5ErkJggg==\"><\/image><\/svg>\t\t\t\t<\/span>\n\t\t\t<\/div>\n\t\t\t\n\t\t\t\t\t\t<div class=\"elementor-icon-box-content\">\n\n\t\t\t\t\t\t\t\t\t<h3 class=\"elementor-icon-box-title\">\n\t\t\t\t\t\t<span  >\n\t\t\t\t\t\t\tReguengo\t\t\t\t\t\t<\/span>\n\t\t\t\t\t<\/h3>\n\t\t\t\t\n\t\t\t\t\n\t\t\t<\/div>\n\t\t\t\n\t\t<\/div>\n\t\t\t\t<\/div>\n\t\t\t\t<\/div>\n\t\t\t\t<div class=\"elementor-element elementor-element-6a09293 elementor-widget elementor-widget-text-editor\" data-id=\"6a09293\" data-element_type=\"widget\" data-widget_type=\"text-editor.default\">\n\t\t\t\t<div class=\"elementor-widget-container\">\n\t\t\t\t\t\t\t<p><strong>Morada:<\/strong>\u00a0Rua da Carreira, 7300-404 Reguengo<\/p><p><strong>Telefone:<\/strong>\u00a0245 208 954<\/p><p><strong>Telem\u00f3vel:<\/strong>\u00a0969 848 741<\/p><p><strong>Hor\u00e1rio:<\/strong>\u00a0Das 09:00 h \u00e0s 12:30 h \/ Das 13:30 h \u00e0s 17:00 h<\/p>\t\t\t\t\t\t<\/div>\n\t\t\t\t<\/div>\n\t\t\t\t\t<\/div>\n\t\t<\/div>\n\t\t\t\t<div class=\"aux-parallax-section elementor-column elementor-col-50 elementor-inner-column elementor-element elementor-element-420517dc elementor-invisible\" data-id=\"420517dc\" data-element_type=\"column\" data-settings=\"{&quot;background_background&quot;:&quot;classic&quot;,&quot;animation&quot;:&quot;fadeInRight&quot;}\">\n\t\t\t<div class=\"elementor-widget-wrap elementor-element-populated\">\n\t\t\t\t\t\t<div class=\"elementor-element elementor-element-217d2cf3 elementor-widget elementor-widget-google_maps\" data-id=\"217d2cf3\" data-element_type=\"widget\" data-widget_type=\"google_maps.default\">\n\t\t\t\t<div class=\"elementor-widget-container\">\n\t\t\t\t\t<div class=\"elementor-custom-embed\">\n\t\t\t<iframe loading=\"lazy\"\n\t\t\t\t\tsrc=\"https:\/\/maps.google.com\/maps?q=Reguengo&#038;t=m&#038;z=10&#038;output=embed&#038;iwloc=near\"\n\t\t\t\t\ttitle=\"Reguengo\"\n\t\t\t\t\taria-label=\"Reguengo\"\n\t\t\t><\/iframe>\n\t\t<\/div>\n\t\t\t\t<\/div>\n\t\t\t\t<\/div>\n\t\t\t\t\t<\/div>\n\t\t<\/div>\n\t\t\t\t\t<\/div>\n\t\t<\/section>\n\t\t\t\t\t<\/div>\n\t\t<\/div>\n\t\t\t\t\t<\/div>\n\t\t<\/section>\n\t\t\t\t<section class=\"elementor-section elementor-top-section elementor-element elementor-element-23aa42c elementor-section-full_width elementor-section-content-middle elementor-section-stretched elementor-section-height-default elementor-section-height-default wpr-particle-no wpr-jarallax-no wpr-parallax-no wpr-sticky-section-no\" data-id=\"23aa42c\" data-element_type=\"section\" data-settings=\"{&quot;stretch_section&quot;:&quot;section-stretched&quot;,&quot;background_background&quot;:&quot;classic&quot;}\">\n\t\t\t\t\t\t<div class=\"elementor-container elementor-column-gap-no\">\n\t\t\t\t\t<div class=\"aux-parallax-section elementor-column elementor-col-100 elementor-top-column elementor-element elementor-element-95a2973\" data-id=\"95a2973\" data-element_type=\"column\">\n\t\t\t<div class=\"elementor-widget-wrap elementor-element-populated\">\n\t\t\t\t\t\t<section class=\"elementor-section elementor-inner-section elementor-element elementor-element-4b571ff elementor-reverse-mobile elementor-section-boxed elementor-section-height-default elementor-section-height-default wpr-particle-no wpr-jarallax-no wpr-parallax-no wpr-sticky-section-no\" data-id=\"4b571ff\" data-element_type=\"section\" data-settings=\"{&quot;background_background&quot;:&quot;classic&quot;}\">\n\t\t\t\t\t\t<div class=\"elementor-container elementor-column-gap-no\">\n\t\t\t\t\t<div class=\"aux-parallax-section elementor-column elementor-col-50 elementor-inner-column elementor-element elementor-element-4a79d12 elementor-invisible\" data-id=\"4a79d12\" data-element_type=\"column\" data-settings=\"{&quot;background_background&quot;:&quot;classic&quot;,&quot;animation&quot;:&quot;fadeInLeft&quot;}\">\n\t\t\t<div class=\"elementor-widget-wrap elementor-element-populated\">\n\t\t\t\t\t\t<div class=\"elementor-element elementor-element-2468c64 elementor-position-left elementor-mobile-position-left elementor-vertical-align-middle elementor-view-default elementor-widget elementor-widget-icon-box\" data-id=\"2468c64\" data-element_type=\"widget\" data-widget_type=\"icon-box.default\">\n\t\t\t\t<div class=\"elementor-widget-container\">\n\t\t\t\t\t<div class=\"elementor-icon-box-wrapper\">\n\n\t\t\t\t\t\t<div class=\"elementor-icon-box-icon\">\n\t\t\t\t<span  class=\"elementor-icon elementor-animation-\">\n\t\t\t\t<svg xmlns=\"http:\/\/www.w3.org\/2000\/svg\" xmlns:xlink=\"http:\/\/www.w3.org\/1999\/xlink\" width=\"242\" height=\"242\" viewBox=\"0 0 242 242\"><image width=\"242\" height=\"242\" xlink:href=\"data:img\/png;base64,iVBORw0KGgoAAAANSUhEUgAAAPIAAADyCAYAAAB3aJikAAAP7klEQVR4nO2dzWtc1xnGj2SZOk6o3GBTU5jKaVpIlRDJ1OC2JJW6S2fjKTXpqkhOMSk0rceFQA0FyxS6CJSo+4LlvyDXm1kVLEP3kQoV3VliFhXFBc+itbNIVY7mnXgsz8e9c+855\/14fjDgkBCfmbnPPO\/5eN4zdXBw4IBMsnrtnHOu\/+WO\/HkUj5xzW\/Tve39+1Gi1t\/A4yANCFgAJdrHv5f95IeDI95xzu865TRL4VqPV3lXzgSoEQmYICXe57zXHYJQdEvbhC87NCwiZCVm95gXboBcH4Y5jj0SdNVrtjPdQ9QMhJySr13yZ3CTxzgp+K96tM4g6HRByZLJ67ZRzbpUELMF5i+KdesO\/MK+OB4QciT73XTHxhrvcdc6tN1rtTQ6D0QyEHBia+64555ZUv9HRbJOgNzgPUjIQciAg4IH4snsNgq4eCLliqIReh4BH4h26iZK7OiDkiqBFrHVjc+Cy3PcLf1gUK8+09DfAgaxea9JJKIi4GL5qeZDVa2uSBs0ROHIJUEZXyh65M8rtCYAjTwi58KcQcWX4PfV7Wb22ruT9RAWOXBCaC2cQcFC2yZ1xnjsncOQC0JbSLkQcHJ\/s2szqtVXl77MyIOSc0ILMPeFnoiXhP+fbWb2GPeccoLQeA5XS\/mG6xHqguvGl9nKj1X5k\/YMYBoQ8AhLxZuAQP8iHX9VuYN48GAh5CLS1tIlSmhUdcmaI+QiYIw8AImaL\/z4+xSLY80DIR4CIRXAbYn4WCLkPiFgUEHMfEDIBEYsEYiaw2AURa+DH1nuFmRcytZ7dgohFY34127SQsU+sCi\/mc1YPjVifI29AxGqYpfPZpyy+ebNCprPTOHapiwXKh5vDZGlNKaZ7DIYCwnDFWoM\/c0Km0msXi1uqMbf4ZbG03oCI1TNL37MZTAmZ2vNgXmyDBUtN\/cyU1tgvNst5CyW2JUdeh4hNYqLENiHkrF5roKQ2ywJNqVRjxZHRYtU2a9oPiqgXMi14aLyHGORnVvuPuerFLuwZgyO8ovWeKe2O3ISIQR9qF77UOjK2m8AQfqjxfinNjgw3BoNQeUhEpSNjbgzGoG6urNWR4cZgFOpcWbOQARjGCq2hqEGdkKmrItwYjENV902Njgw3BnlQ9ZyoEjK1tUUPLpCHWU09sbU5MpqVgyI0tHxaEDKwzCUti14zDMZQCRRVxCJXlw6datul11F888FTmIYc0tAQqFAjZE1l0oTcpWb7m0U6YlBH0Qa9LKbEVjUIWc3Jrqxee2TQkTv0EG5UcVKJRO0f7JVqhicG8Se9VAiZyupPGAwlFj0Br4e4IoXmjT4ptMT2E6iW641WW7QraymtlxmMIRa+hG6GdBD6fy+TQ28YKLmXpZfXWlatrcyPvXM0YpWBFPdbpB8PzYjv5ya+tKYy8AGDoYQk+c0JWb3mHetaqr8\/AqLvWNbgyNrLahbXnzRabX+k8UrKMQRG9HMEIfOG1R1GdDGaVjFDyInRLGR2F5GRmO8wGErViD4cI1rIND\/WuqJ6hetVJ41W2+81bzMYSqXQKr1IpDvyIoMxhOCugPt9G1T6awJCToRGIXckhD9oC0xbyxyxz5N0IWucHwc5rRUCOg21J2GsOYGQE6HNkTsCTxhpcmWx6y1ihUwtb7WFJMS4cQ+ay6txZakLXpIdWeP8WOqVJpouSBPZaECykFW1M6WVaqlROrFHGwcAIUdGm5DF3kdEP0Ba9pVFVnoQMh+ku5qWi9FEXogOIfOgo+AuIi1ChiNHRuQv5xBYHsUsiIb34KTuhEgWsqYOkOJFoO12Q2lovh9ZEqL2jkeg4uy1xL1kCBlUiZbyWhwihSw5bgZACODIACgAQgZVoqUPtrgtKAiZB1obJEhF3NYmhMwD8XvidDc1SASEzAMNJSmEnBAImQkKVuKxk5AQCJkP0q+9gZATAiHzQayQaX5s8W5lNkDIfJgTvGDUZDCGKhGX5IKQeSFOENQ7zcptmGyRKmStSZsVuj1DEk2FTRDFIVLIyiNzYtrLkhtrK6tFgtKaHyuCtqI2lLqxOKOQLGRNNxwcZYPcji1ZvdbQcNP\/ICRWfJKFrLm8nuPcK5rm8VJ7cKsEpTVffInNbv5JlUKmeIHrPoMxFEaykLV0bRzFx1m9xuZmRhLxprJ+aSqQLGQtfa7GcZuDmA2JWKRBSBaypf5QXszJ5sw0J7bixCINAotdcriW1WubsVezaXV6y1A5LdIgxArZaB9ln1vejVFq+x+MrF7zK9OfGDu5JVLIUwcHBwyGMRneoRT1iSqKvzSt2Wi1K53T9Z3Wsnj00l\/dI7JbywyDMZRhy7CQfal7L6vX9mjPeaPMJemUvGpSAMLq2Wmx6y4ahGwdf3jkY9qq2qY9Xu\/SW6OETcJdpIYAy8gTHyJ2SxNC1sUCvW66rlgdHWXtX09YRFppKGKfJ9FzZNd9WB\/hwQQV8ZUy05OUaDiiaeGEFwjPtlQROwgZAB3PEYQMgILnSLyQG632lvJsMogDhMwAuDIow33J82OnSMgZgzEAuYh\/flQIudFq+y+iw2AoQCYQMiPgymAStjUEcCBkYB0VvcfUCBnlNZgQCJkh6OwIinBX+mp1D21CZttCFrBEzQ+\/+NDEUYw3GwD52Wu02tLu2RqKxr7WcGWQB1XPiToh06IXjmyCUXS0radovWlCzI2GIAnrWha5eqgUcqPV3oArgxGo293QfPcTXBkM4o7GVspqhQxXBgPoaL2YXfttjHBl0I+6uXEP1UImV95mMBSQno7mrUkL9yOrLKVAYZpa3dhZEDJdqXKHwVBAOu5TdaYWC47syJWRjLKL+qrMhJCppGJz8z+Iyi1q0KgadaGJUWT1mj++eYnvCEHF+O4fixY+VCuldY9VlNhm6NDNkiYwJWQqsc18ucZpWroM35oj91axbzEYCgjHXe2r1EcxJ2TXFfMaDoqopWNxYdOkkAmsYutkVfPBj2GYFTJtSVxnMBRQHX+ixhLmsOzIXsz+7O19BkMB5dmzHJIxLWQCW1I6MFlS9zAvZNqiQLBCNrdoN8Ispk52jQKnvsRi5vTWKMw7ch8osWVifvfBQchPQbBCJNctBCLygNL6CFm95leyr7EaFBiEzxgv45PpAkd+njU07WOPydNbo4CQj4ASWwSmAhF5gJAHgGAFa8wFIvIAIQ8BwQqWoKQeAoQ8Gjw0vDB9emsUEPIIEKxghdlARB4g5DEgWMEC04GIPEDI+cCpr7SgpB4DhJwDBCuSYj4QkQec7CoAghXRQSAiJ3DkYqDEjgt2DXICIRcAp76igkBEAVBaTwCCFcFBIKIgMoS8v+ObyrOZKz3+979O\/OV3V9\/7\/LMnZxgMRxVT08f+8\/aNP\/755Ve\/zWWVesOdnWd\/rpu\/kPd3Tjnn\/Ac5y2A0X\/DwH39zf\/3oQyaj0cP51ebjuR\/86AVGb+iOOzvPfjolYY7c5CZiz+nX3nTfqr+Lha8KOf3amw+Zidiz4vZ3zjEYx0ikCJklr1\/++ewLL595yHV8kpieOf7k4gc3TzMdMvtTZbyFvL+zytGN+\/nur29xffhEceH93\/7v+MmXuA6ZvStzd2T2v4SzX3\/VvfHu1ScMhiKWubffefi177x1kvn4WZ\/s4yvkrhvPMRjJWL75zuUTs7VvoMSegOMvvtR546dXJVQ1q7TwyhLOjiwq7XLxV2unp4\/N\/JfBUETx1ocfzTIuqfuZ5ezKPIUsyI17nDz9Vbfwsw+meIxGBn7V309NBNHk6spcHVnkMUi\/deK3UBgMhT1+td+v+gsbNltX5ifk\/R1\/NG+JwUgmwm+h+K0UgUOPhj+9JXi1H0LOiehOEH6+57dSGAyFLa9ffu+YsJK6n1ma+rGCl5CFu3EPv5Xit1R4jIYXfnXfr\/ILfxvszIabI6vpy+S3VPzWCoOhsMGv6vvVfQVvZY6bK\/MRcvfkjHg37uFL7Iu\/vCltMScoF35x43B1XwmsTIeTI6vrkohgxVP8ar6A01tFYOXKPITcdeMVBiOpHAQr2AciygAhH0F1z2LrwYrvNX\/\/uZDTW0VZogXa5KQXsmI37mE5WOFX78\/Mn3+RwVBCwcKEODiyiX7RFoMVggIRZWDhymmF3D23aqYrpbVghaBARFmSu3JqR2bZxicUloIVAgMRZVhK3XggnZC7bmzuGhYLwQqhgYiyJHXllI5syo370RysEB6IKEPSdkCphWwSzcEK4YGIsiRz5TRCFtBULzQagxVKAhFlSObKqRwZl1YrC1YoCkSUJUmlGV\/IAtv4hEJTsEJZIKIMSZr0pXBkuHEfGoIVCgMRZUjSDiiukOHGA5EcrFAciChD9CZ9sR0ZdwsPQeqWzfd\/84cTRk5vFSG6K8cTspI2PqGQGKzwq+5+agAGolTImBuPRVKwwkggogxRm\/TFETLcODdSghWGAhFliGZesRwZbpwTCcEKY4GIMkRrBxReyMqa6sWAc7DCaCCiDFFMLIYjw40ngGOwwpf81tsWTUAUVw4rZANtfELBMVgx\/5Mr0yipJ0K4kOHGpeAUrEAgohTB2wGFEzLcuBI4BCumZ2YeIxBRmqCmFtKRzeaNq4RDsOLC+zcOEIgoTVBXDiNkY031QpMyWIFARKUEc+VQjmy2jU8oUgQrEIionGBN+qoXstGmejGIvfWDQEQQgrhyCEeGGwciZrACgYhgBGkHFErIIBAxghUIRASncleuVshoqheF0MEKBCKCU7krV+3IOAASgZDBCgQiolFp5VqdkNHGJyohghUIRESl0iZ9VToy3DgyVQYrEIiITqXtgKoRMtw4CVUGKxCISEJlTfqqcmSc4kpEFcEKBCKSUZkrlxcy2vgkp0ywAoGI5DARMubGySkTrEAgIjmVNOkrJ2S4MRsmCVYgEMGG0mZY1pHhxowoEqxAIIIVpdsBTS5kNNVjSd4tJAQi2FHKFMs4MtyYIXmCFQhEsKSUK08mZLTxYc2oYAUCEayJLGS4MXuGBSsQiGDNxO2AigsZbiyCQcEKBCJEMJFJTuLIyBsLoT9YgUCEGCZy5WJCRlM9cfgtpi99+RQCEbIo7MpTBwcH+f\/r\/R3\/F9zU+ukBwIhX3Nn53bzDye\/IaKoHQEwKuXKR0hpN9QCIR6F2QEWFDACIR25XzidkNNUDIAW5XTmvI+MACABpyFUJjxcy2vgAkJJcTfryODLcGIB05GoHNFrIcGMAODC2Sd84R8YpLgDSM9aVh5\/s6p73vIcvEQAWdNzZ+aGuPMqRMTcGgA8jm\/QNFjKa6gHAkaHmOsyR4cYA8GNoO6Dn58jdkyQP8CUCwJI9d3b+udNegxwZbgwAXwa68rNCRhsfACQwRshwYwAk8Fw7oKdChhsDIIlnTLffkZE3BkAOz7hyV8hoqgeARL5w5Z4jo40PAPJY6jUemEZTPQBEc+jK03BjAERz2A5o6uCff38EIQMgGOfu\/B\/4xTcmDHZQLgAAAABJRU5ErkJggg==\"><\/image><\/svg>\t\t\t\t<\/span>\n\t\t\t<\/div>\n\t\t\t\n\t\t\t\t\t\t<div class=\"elementor-icon-box-content\">\n\n\t\t\t\t\t\t\t\t\t<h3 class=\"elementor-icon-box-title\">\n\t\t\t\t\t\t<span  >\n\t\t\t\t\t\t\tS\u00e3o Juli\u00e3o\t\t\t\t\t\t<\/span>\n\t\t\t\t\t<\/h3>\n\t\t\t\t\n\t\t\t\t\n\t\t\t<\/div>\n\t\t\t\n\t\t<\/div>\n\t\t\t\t<\/div>\n\t\t\t\t<\/div>\n\t\t\t\t<div class=\"elementor-element elementor-element-8577bdc elementor-widget elementor-widget-text-editor\" data-id=\"8577bdc\" data-element_type=\"widget\" data-widget_type=\"text-editor.default\">\n\t\t\t\t<div class=\"elementor-widget-container\">\n\t\t\t\t\t\t\t<p><strong>Morada:<\/strong>\u00a0Largo da Igreja N. 18, 7300-459 S\u00e3o Juli\u00e3o<\/p><p><strong>Telefone:<\/strong>\u00a0245\u00a0964 918<\/p><p><strong>Telem\u00f3vel:<\/strong>\u00a0961 350 405<\/p><p><strong>Hor\u00e1rio:<\/strong>\u00a0Das 09:00 h \u00e0s 12:30 h \/ Das 13:30 h \u00e0s 17:00 h<\/p>\t\t\t\t\t\t<\/div>\n\t\t\t\t<\/div>\n\t\t\t\t\t<\/div>\n\t\t<\/div>\n\t\t\t\t<div class=\"aux-parallax-section elementor-column elementor-col-50 elementor-inner-column elementor-element elementor-element-325a9eb elementor-invisible\" data-id=\"325a9eb\" data-element_type=\"column\" data-settings=\"{&quot;background_background&quot;:&quot;classic&quot;,&quot;animation&quot;:&quot;fadeInRight&quot;}\">\n\t\t\t<div class=\"elementor-widget-wrap elementor-element-populated\">\n\t\t\t\t\t\t<div class=\"elementor-element elementor-element-99c38f1 elementor-widget elementor-widget-google_maps\" data-id=\"99c38f1\" data-element_type=\"widget\" data-widget_type=\"google_maps.default\">\n\t\t\t\t<div class=\"elementor-widget-container\">\n\t\t\t\t\t<div class=\"elementor-custom-embed\">\n\t\t\t<iframe loading=\"lazy\"\n\t\t\t\t\tsrc=\"https:\/\/maps.google.com\/maps?q=S%C3%A3o%20Juli%C3%A3o&#038;t=m&#038;z=10&#038;output=embed&#038;iwloc=near\"\n\t\t\t\t\ttitle=\"S\u00e3o Juli\u00e3o\"\n\t\t\t\t\taria-label=\"S\u00e3o Juli\u00e3o\"\n\t\t\t><\/iframe>\n\t\t<\/div>\n\t\t\t\t<\/div>\n\t\t\t\t<\/div>\n\t\t\t\t\t<\/div>\n\t\t<\/div>\n\t\t\t\t\t<\/div>\n\t\t<\/section>\n\t\t\t\t\t<\/div>\n\t\t<\/div>\n\t\t\t\t\t<\/div>\n\t\t<\/section>\n\t\t\t\t<\/div>\n\t\t","protected":false},"excerpt":{"rendered":"<p>Localizac\u00e3o\/Como chegar Reguengo Morada:\u00a0Rua da Carreira, 7300-404 Reguengo Telefone:\u00a0245 208 954 Telem\u00f3vel:\u00a0969 848 741 Hor\u00e1rio:\u00a0Das 09:00 h \u00e0s 12:30 h \/ Das 13:30 h \u00e0s 17:00 h S\u00e3o Juli\u00e3o Morada:\u00a0Largo da Igreja N. 18, 7300-459 S\u00e3o Juli\u00e3o Telefone:\u00a0245\u00a0964 918 Telem\u00f3vel:\u00a0961 350 405 Hor\u00e1rio:\u00a0Das 09:00 h \u00e0s 12:30 h \/ Das 13:30 h \u00e0s 17:00 h<\/p>\n","protected":false},"author":1,"featured_media":0,"parent":0,"menu_order":0,"comment_status":"open","ping_status":"open","template":"elementor_header_footer","meta":{"footnotes":""},"class_list":["post-27","page","type-page","status-publish","hentry"],"_links":{"self":[{"href":"http:\/\/www.frsj.pt\/site\/index.php?rest_route=\/wp\/v2\/pages\/27"}],"collection":[{"href":"http:\/\/www.frsj.pt\/site\/index.php?rest_route=\/wp\/v2\/pages"}],"about":[{"href":"http:\/\/www.frsj.pt\/site\/index.php?rest_route=\/wp\/v2\/types\/page"}],"author":[{"embeddable":true,"href":"http:\/\/www.frsj.pt\/site\/index.php?rest_route=\/wp\/v2\/users\/1"}],"replies":[{"embeddable":true,"href":"http:\/\/www.frsj.pt\/site\/index.php?rest_route=%2Fwp%2Fv2%2Fcomments&post=27"}],"version-history":[{"count":63,"href":"http:\/\/www.frsj.pt\/site\/index.php?rest_route=\/wp\/v2\/pages\/27\/revisions"}],"predecessor-version":[{"id":2375,"href":"http:\/\/www.frsj.pt\/site\/index.php?rest_route=\/wp\/v2\/pages\/27\/revisions\/2375"}],"wp:attachment":[{"href":"http:\/\/www.frsj.pt\/site\/index.php?rest_route=%2Fwp%2Fv2%2Fmedia&parent=27"}],"curies":[{"name":"wp","href":"https:\/\/api.w.org\/{rel}","templated":true}]}}