{"id":36,"date":"2015-01-18T22:03:14","date_gmt":"2015-01-18T22:03:14","guid":{"rendered":"http:\/\/www.frsj.pt\/site\/?page_id=36"},"modified":"2024-09-27T11:19:01","modified_gmt":"2024-09-27T11:19:01","slug":"heraldica","status":"publish","type":"page","link":"http:\/\/www.frsj.pt\/site\/?page_id=36","title":{"rendered":"Her\u00e1ldica"},"content":{"rendered":"\t\t<div data-elementor-type=\"wp-page\" data-elementor-id=\"36\" class=\"elementor elementor-36\">\n\t\t\t\t<div class=\"elementor-element elementor-element-536a4c3 e-flex e-con-boxed wpr-particle-no wpr-jarallax-no wpr-parallax-no wpr-sticky-section-no e-con e-parent\" data-id=\"536a4c3\" data-element_type=\"container\">\n\t\t\t\t\t<div class=\"e-con-inner\">\n\t\t\t\t<div class=\"elementor-element elementor-element-33a0c0e elementor-widget elementor-widget-heading\" data-id=\"33a0c0e\" data-element_type=\"widget\" data-widget_type=\"heading.default\">\n\t\t\t\t<div class=\"elementor-widget-container\">\n\t\t\t<h2 class=\"elementor-heading-title elementor-size-default\">Her\u00e1ldica<\/h2>\t\t<\/div>\n\t\t\t\t<\/div>\n\t\t\t\t\t<\/div>\n\t\t\t\t<\/div>\n\t\t<div class=\"elementor-element elementor-element-02b12bc e-flex e-con-boxed wpr-particle-no wpr-jarallax-no wpr-parallax-no wpr-sticky-section-no e-con e-parent\" data-id=\"02b12bc\" data-element_type=\"container\">\n\t\t\t\t\t<div class=\"e-con-inner\">\n\t\t\t\t\t<\/div>\n\t\t\t\t<\/div>\n\t\t<div class=\"elementor-element elementor-element-2f133e7b e-flex e-con-boxed wpr-particle-no wpr-jarallax-no wpr-parallax-no wpr-sticky-section-no e-con e-parent\" data-id=\"2f133e7b\" data-element_type=\"container\">\n\t\t\t\t\t<div class=\"e-con-inner\">\n\t\t\t\t<div class=\"elementor-element elementor-element-5e14ddfd elementor-widget elementor-widget-text-editor\" data-id=\"5e14ddfd\" data-element_type=\"widget\" data-widget_type=\"text-editor.default\">\n\t\t\t\t<div class=\"elementor-widget-container\">\n\t\t\t\t\t\t\t<p><strong>HER\u00c1LDICA \u2013 REGUENGO<\/strong><\/p><p>BRAS\u00c3O: escudo de azul, cruz prelat\u00edcia de ouro de tr\u00eas travessas, entre duas podoas de prata, guarnecidas de negro, alinhadas em faixa; no cant\u00e3o dextro do chefe, pomba de prata volante, volvida para a cruz. Coroa mural de prata de tr\u00eas torres. Listel branco, com a legenda a negro: \u00abREGUENGO \u2013 PORTALEGRE\u00bb<\/p><p>\u00a0<\/p><p>\u00a0<\/p><p><strong>HER\u00c1LDICA \u2013 S\u00c3O JULI\u00c3O<\/strong><\/p><p>BRAS\u00c3O: Escudo de prata, com monte de tr\u00eas c\u00f4moros de verde, movente de campanha diminuta de tr\u00eas burelas ondadas de prata e azul e rematado por cerejeira de verde, frutada de p\u00farpura. Coroa mural de prata de tr\u00eas torres. Listel branco, com a legenda a negro: \u00abS. JULI\u00c3O &#8211; PORTALEGRE\u00bb.<\/p>\t\t\t\t\t\t<\/div>\n\t\t\t\t<\/div>\n\t\t\t\t\t<\/div>\n\t\t\t\t<\/div>\n\t\t\t\t<\/div>\n\t\t","protected":false},"excerpt":{"rendered":"<p>Her\u00e1ldica HER\u00c1LDICA \u2013 REGUENGO BRAS\u00c3O: escudo de azul, cruz prelat\u00edcia de ouro de tr\u00eas travessas, entre duas podoas de prata, guarnecidas de negro, alinhadas em faixa; no cant\u00e3o dextro do chefe, pomba de prata volante, volvida para a cruz. Coroa mural de prata de tr\u00eas torres. Listel branco, com a legenda a negro: \u00abREGUENGO \u2013 PORTALEGRE\u00bb \u00a0 \u00a0 HER\u00c1LDICA \u2013 S\u00c3O JULI\u00c3O BRAS\u00c3O: Escudo de prata, com monte de tr\u00eas c\u00f4moros de verde, movente de campanha diminuta de tr\u00eas burelas ondadas de prata e azul e rematado por cerejeira de verde, frutada de p\u00farpura. Coroa mural de prata de tr\u00eas torres. Listel branco, com a legenda a negro: \u00abS. JULI\u00c3O &#8211; PORTALEGRE\u00bb.<\/p>\n","protected":false},"author":1,"featured_media":0,"parent":0,"menu_order":0,"comment_status":"open","ping_status":"open","template":"","meta":{"footnotes":""},"class_list":["post-36","page","type-page","status-publish","hentry"],"_links":{"self":[{"href":"http:\/\/www.frsj.pt\/site\/index.php?rest_route=\/wp\/v2\/pages\/36"}],"collection":[{"href":"http:\/\/www.frsj.pt\/site\/index.php?rest_route=\/wp\/v2\/pages"}],"about":[{"href":"http:\/\/www.frsj.pt\/site\/index.php?rest_route=\/wp\/v2\/types\/page"}],"author":[{"embeddable":true,"href":"http:\/\/www.frsj.pt\/site\/index.php?rest_route=\/wp\/v2\/users\/1"}],"replies":[{"embeddable":true,"href":"http:\/\/www.frsj.pt\/site\/index.php?rest_route=%2Fwp%2Fv2%2Fcomments&post=36"}],"version-history":[{"count":18,"href":"http:\/\/www.frsj.pt\/site\/index.php?rest_route=\/wp\/v2\/pages\/36\/revisions"}],"predecessor-version":[{"id":2332,"href":"http:\/\/www.frsj.pt\/site\/index.php?rest_route=\/wp\/v2\/pages\/36\/revisions\/2332"}],"wp:attachment":[{"href":"http:\/\/www.frsj.pt\/site\/index.php?rest_route=%2Fwp%2Fv2%2Fmedia&parent=36"}],"curies":[{"name":"wp","href":"https:\/\/api.w.org\/{rel}","templated":true}]}}

Heráldica

<div data-elementor-type="wp-page" data-elementor-id="36" class="elementor elementor-36">
				<div class="elementor-element elementor-element-536a4c3 e-flex e-con-boxed wpr-particle-no wpr-jarallax-no wpr-parallax-no wpr-sticky-section-no e-con e-parent" data-id="536a4c3" data-element_type="container">
					<div class="e-con-inner">
				<div class="elementor-element elementor-element-33a0c0e elementor-widget elementor-widget-heading" data-id="33a0c0e" data-element_type="widget" data-widget_type="heading.default">
				<div class="elementor-widget-container">
			<h2 class="elementor-heading-title elementor-size-default">Heráldica</h2>		</div>
				</div>
					</div>
				</div>
		<div class="elementor-element elementor-element-02b12bc e-flex e-con-boxed wpr-particle-no wpr-jarallax-no wpr-parallax-no wpr-sticky-section-no e-con e-parent" data-id="02b12bc" data-element_type="container">
					<div class="e-con-inner">
					</div>
				</div>
		<div class="elementor-element elementor-element-2f133e7b e-flex e-con-boxed wpr-particle-no wpr-jarallax-no wpr-parallax-no wpr-sticky-section-no e-con e-parent" data-id="2f133e7b" data-element_type="container">
					<div class="e-con-inner">
				<div class="elementor-element elementor-element-5e14ddfd elementor-widget elementor-widget-text-editor" data-id="5e14ddfd" data-element_type="widget" data-widget_type="text-editor.default">
				<div class="elementor-widget-container">
							<p><strong>HERÁLDICA – REGUENGO</strong></p><p>BRASÃO: escudo de azul, cruz prelatícia de ouro de três travessas, entre duas podoas de prata, guarnecidas de negro, alinhadas em faixa; no cantão dextro do chefe, pomba de prata volante, volvida para a cruz. Coroa mural de prata de três torres. Listel branco, com a legenda a negro: «REGUENGO – PORTALEGRE»</p><p> </p><p> </p><p><strong>HERÁLDICA – SÃO JULIÃO</strong></p><p>BRASÃO: Escudo de prata, com monte de três cômoros de verde, movente de campanha diminuta de três burelas ondadas de prata e azul e rematado por cerejeira de verde, frutada de púrpura. Coroa mural de prata de três torres. Listel branco, com a legenda a negro: «S. JULIÃO &#8211; PORTALEGRE».</p>						</div>
				</div>
					</div>
				</div>
				</div>

<p>Heráldica HERÁLDICA – REGUENGO BRASÃO: escudo de azul, cruz prelatícia de ouro de três travessas, entre duas podoas de prata, guarnecidas de negro, alinhadas em faixa; no cantão dextro do chefe, pomba de prata volante, volvida para a cruz. Coroa mural de prata de três torres. Listel branco, com a legenda a negro: «REGUENGO – PORTALEGRE»     HERÁLDICA – SÃO JULIÃO BRASÃO: Escudo de prata, com monte de três cômoros de verde, movente de campanha diminuta de três burelas ondadas de prata e azul e rematado por cerejeira de verde, frutada de púrpura. Coroa mural de prata de três torres. Listel branco, com a legenda a negro: «S. JULIÃO &#8211; PORTALEGRE».</p>
